**6/60 + s**5/15 + s**4/24 - s**3/3 - 13*s**2. What is g(-2)?
-4
Let z = -1 + 0. Let g = 9 + -5. Let m(n) = 5*n**3 + n - 8. Let h(f) = f**3 + f**2 + f - 1. Let q(o) = g*h(o) + z*m(o). Give q(5).
-6
Suppose -4*m - r = 13, -3*m + r = -m - 1. Let c(x) be the first derivative of x**3/3 + x**2/2 - 2*x + 2. Calculate c(m).
0
Let u(t) = t**2 - 7*t + 9. Let j(l) = l**3 + 5*l**2 + 2*l - 5. Let m be j(-4). Let o(r) = -r + 26. Let z be o(9). Let h be z/3 + m/9. Calculate u(h).
3
Let h(p) be the second derivative of 2*p**3/3 - p**2/2 + 27*p. Suppose 0*n + 2*n + 2 = 0. What is h(n)?
-5
Let y(w) = -w**3 - w - 1. Let a = -6 + 8. Let d be (1 + -2 - 1) + a. Give y(d).
-1
Let a(t) = -t**2 + 3. Suppose 40 = 5*f + r + 4*r, f = -3*r + 16. What is a(f)?
-13
Let v be -3 - (-2)/(1 + 1). Let g(x) be the second derivative of -x**3/3 - 3*x**2/2 + 2*x. What is g(v)?
1
Let k be -3 + 2 - (-2 - 1). Let i(v) = 0 - k*v + 0 + 8. What is i(6)?
-4
Let s(i) = -3*i - 7. Let a(o) = -4*o - 8. Let t(g) = 2*a(g) - 3*s(g). Suppose 12 = -c + 6. Calculate t(c).
-1
Suppose 4*u = -4*m + 12, 4*m - 10 = -2*u - u. Let w(o) = -o**2 - o - 1. Let x(l) = -6*l**2 - 9*l - 7. Let q(t) = m*x(t) - 5*w(t). Determine q(-2).
2
Let j(p) = p + 1. Let v(y) = y + 9. Let s(z) = -2*j(z) + v(z). Let g = -1 - -1. Suppose g = -3*k + 2*o + 15, -3*o + 0*o = -5*k + 25. Give s(k).
2
Suppose 4*r + 6 = -4*c - 2, -4*r = -3*c + 8. Let q(w) = -2*w**3 - 2*w**2 + 2*w. What is q(r)?
4
Let h(x) = 6*x - 3*x - 2*x. Suppose 3*s + 4 = 16. Suppose 4*r = -s, r - 5*r = -2*c + 2. Determine h(c).
-1
Suppose 0 = -3*o - 3 + 9. Let u(n) = n**3 - 3*n**2 + 4*n - 2. Calculate u(o).
2
Let f(z) = z. Let w be f(2). Let p(i) = 1 - 5*i + w*i + i + 2. Calculate p(5).
-7
Suppose 0 = 4*g - g - p + 19, 0 = 3*g + 4*p - 1. Let q(n) be the second derivative of -n**4/12 - 2*n**3/3 + 7*n**2/2 + n. What is q(g)?
2
Suppose 3*f = 8 - 2. Let b(y) = 3*y - 2. Determine b(f).
4
Let p(u) = u**3 - 4*u**2 - 8*u + 6. Let b(j) be the third derivative of -j**6/120 + j**5/20 + j**4/12 - j**3/6 - 4*j**2. Let z be b(3). Determine p(z).
-9
Let l(n) = n + 7*n - 2*n**3 - 2*n - 8*n**2 + 3*n**3. Give l(7).
-7
Let v = -3 + 7. Let m(q) be the third derivative of -q**4/24 + 5*q**3/6 - 5*q**2. Calculate m(v).
1
Let r(n) be the second derivative of -n**4/12 - n**3/6 + 2*n. Suppose -5*a - f = 7 + 1, a + 4*f = 6. Determine r(a).
-2
Let s(g) = g**2 - 3*g + 2. Let n = -87 - -89. Determine s(n).
0
Let b(f) = f**3 - 5*f**2 - 5*f + 4. Let x(u) = -u + 1. Let o(c) = b(c) - 6*x(c). Calculate o(5).
3
Suppose 5*q - 5*a - 39 = -4, 3*a + 11 = 2*q. Suppose 2*z + q = 2*p + z, -5*z - 35 = -5*p. Let n(j) = -j**2 + 4*j + 0*j**2 - p*j. Give n(-1).
-2
Let x = -25 + 21. Let b(g) = g**3 + 6*g**2 + 3*g - 1. What is b(x)?
19
Let l(k) be the second derivative of -k**3/2 + k**2 - 11*k. Calculate l(-3).
11
Let w be 20/32*2*8. Let v(t) = -w - 9*t + t + t + 9. Determine v(-1).
6
Let p(d) = -d**3 - 2*d**2 + d - 1. Let a be p(-2). Let z(o) = 3*o + 2. What is z(a)?
-7
Let f be 1*(6/2 + 0). Suppose w + 0 + 13 = -f*r, 3*w - 5 = 2*r. Let p(n) = n**3 - n**2 + 1. What is p(w)?
-1
Let b = -10 - -9. Let z(c) = -8*c**3 + c**2 + c + 1. What is z(b)?
9
Let s be 30/9*(-36)/(-20). Let f(r) = 4*r + 2*r - r - s*r. What is f(-1)?
1
Let h(w) = w**2 - 3*w + 6*w + 0*w**2 - 2*w + 2. Determine h(0).
2
Let m(n) = n**2 - n - 1. Let k = -1 + 0. Let l be k/3 - (-8)/(-12). Calculate m(l).
1
Let i(k) = 4*k**2 - 2*k - 1. Let j be i(-1). Let o(d) = -d**3 + 5*d**2 + 4*d - 7. What is o(j)?
13
Let t(g) = g**2 + 2*g. Let o(w) = w**3 + 3*w**2 - w + 1. Let m be o(-3). Suppose -5*i - 3*f - 4 = 0, -5*i = -3*i + 4*f - m. What is t(i)?
0
Let g be (0 + -1)*(-1 - 18/3). Let k(f) = 2*f - 5. Let l(h) = -2*h + 5. Let t(w) = -2*k(w) - 3*l(w). What is t(g)?
9
Let f be (-9)/(18/4) - -7. Let z(u) = u**2 - 5*u + 3. Give z(f).
3
Let o be (-20)/6*12/10. Let r(p) = 4*p**3 + 2*p**2 - 6*p - 3. Let k(j) = -j - 1. Let b(f) = o*k(f) + r(f). What is b(1)?
5
Let h(u) = -6*u**3 + 7*u - 16. Let w(t) = -5*t**3 - t**2 + 6*t - 15. Let n(l) = -6*h(l) + 7*w(l). Give n(7).
-9
Let t(q) = -q**3 - 4. Suppose -9*v - 1 = -1. Calculate t(v).
-4
Let r = -1 - 1. Let a be r - 3/9*0. Let l(p) = -p**2 + 0*p**3 + p**3 - p + 5*p**2 + 4*p + 1. Determine l(a).
3
Let d(n) be the first derivative of n**4/4 + 4*n**3/3 - n**2/2 + 4*n - 42. Determine d(-4).
8
Let i be -1 + 1 + 1 + 1. Let q(j) be the second derivative of 3*j**5/20 - j**4/3 + j**3/2 - j**2 - 3*j. What is q(i)?
12
Let b(p) = p**2 - 12*p + 10. Let g be b(11). Suppose -4*x = 3*t + 1, -3*t - 5*x - 2 = -0*x. Let j = t - g. Let k(l) = l**3 - 2*l**2 + l - 1. Determine k(j).
1
Let r(w) = w**2 - 4*w - 5. Let g be r(4). Let k be (g - -3) + (1 - -1). Let f(x) = x - 6 + 3*x + 0 - 3*x. Calculate f(k).
-6
Let y(o) = -o**2 + 6*o + 6. Let z(f) = -f**3 - 9*f**2 + 6. Let m be z(-9). Let t be y(m). Let n(h) = -h**2 + 6*h - 1. Determine n(t).
-1
Let o(g) be the second derivative of -3*g**5/10 - g**3/3 - g**2/2 + 17*g. Suppose -4*d = -2*i + 2, -5*i + 2 = 5*d + 12. What is o(i)?
7
Let y = -9 - -4. Let u = 9 + y. Suppose u*h = -0 - 12. Let a(c) = -c**3 - 4*c**2. Determine a(h).
-9
Let b(o) be the third derivative of -1/12*o**4 + 0 + 0*o + 0*o**3 - 1/60*o**5 + 3*o**2. Let r = 20 + -18. Determine b(r).
-8
Let i be (-2)/5 - (24/(-15))/4. Let q(b) = b**3 + 5. Calculate q(i).
5
Let a be 2/(-2*(-4)/(-20)). Let l(s) = -s - 2. Calculate l(a).
3
Let i(n) = -n**2 - 7*n - 4. Let t be i(-6). Suppose 2*o + 2*h - t = 0, 2*o + h = -4*h - 7. Let q(k) = -4*k + 4*k**2 - 3 - k**3 + o*k. Determine q(4).
-3
Let b(k) = -k**3 + 3*k**2 + 5*k - 2. Let z be (-2)/2 - (3 + -4). Suppose z = 3*l - m - 25, 5*l + 2*m = 45 - 7. Let c = -4 + l. Calculate b(c).
2
Let z be (-51 - -51)*((-1)/2 + 0). Let a(s) be the third derivative of 1/6*s**3 + 0*s + z + 0*s**4 - 1/60*s**5 + 3*s**2 - 1/15*s**6. Determine a(1).
-8
Let i = 4 + -7. Let w(l) = -2*l - 4. Let x be w(i). Let o(p) = -6*p + 2. Determine o(x).
-10
Suppose -f + 5 = 0, -2*l + 2*f = -0*l + 4. Suppose 3*t - y + 3*y + 1 = 0, -t - l*y = -2. Let k(q) = 4*q**3 - 1. Give k(t).
-5
Let t(x) = -3*x + 5 - x**3 + 1 - 6*x**2 + 10*x. Calculate t(-7).
6
Let r(x) be the first derivative of 3*x**2 + 3*x + 30. What is r(3)?
21
Let x(q) = -6*q. Let p(b) = b**2 + 5*b - 4. Let z(g) = -5*g**2 + g - 1. Let t be z(1). Let o be p(t). Let r = 3 + o. Calculate x(r).
6
Let c(d) = d**2 + 3*d - 9*d - 6*d**2 + 5*d. Suppose -4*m - 1 + 2 = -3*l, -3*l + 2 = -m. What is c(m)?
-6
Let m = 3 + -1. Let x(l) = -l**2 + 4 - m*l**2 + 2*l**2. Let r = 3 - 6. Calculate x(r).
-5
Suppose m + 7 = k - 2, 0 = -5*k + 3*m + 41. Suppose 5*w = -5*y + w + 13, -y + k = 3*w. Let f(r) = 3*r + 2 + y + 3. Give f(-4).
-6
Let y(j) be the third derivative of j**6/120 + j**5/30 - j**4/4 - j**3/2 + 13*j**2. Calculate y(-4).
-11
Suppose -2*c - c = -0*c. Let s(g) = g + 10. Determine s(c).
10
Let h(u) = -u**2 + u + 1. Let d = -4 - -6. Suppose -1 = 3*i + d*l - 9, 2*i - 3*l - 1 = 0. Give h(i).
-1
Let x be (-2)/11 - (-48)/22. Let n(g) be the first derivative of -g - 1 - 1/3*g**3 + 0*g**2. Determine n(x).
-5
Let f = -3 + 6. Let l(w) be the first derivative of -2 - w + 3/2*w**2. What is l(f)?
8
Let o(t) = t**3 - 4*t**2 - 5*t + 7. Suppose 0 = 2*a + 4*y + 12, -3*a - 4*y + 0*y - 14 = 0. Let p be (0 + a)/((-4)/(-10)). Let u = 0 - p. Give o(u).
7
Let f(u) = -u**2 - 6*u + 2. Let q be f(-6). Suppose -8*j + 7*j = -q. Let g(r) = -r - r - r**3 - 4 + 5*r**j + 3. Calculate g(3).
11
Let x(c) = -10*c - 11*c + 20*c. Determine x(-5).
5
Let v(k) = 3*k - 6. Let g = -7 + 12. Suppose -30 = -i - 4*i + g*a, 2*i - 3 = -a. Suppose 0 = 3*c - i - 9. Give v(c).
6
Suppose 0 = -2*o + 1 + 1. Let m(k) = 9*k + 1. Calculate m(o).
10
Let t(m) = m**2 + m - 1. Suppose -5*g - x + 28 = 0, 0*x + x = 4*g - 17. Let z(a) = g + 5 - 4 - a. Let y be z(5). Calculate t(y).
1
Let y(o) be the third derivative of 0*o**4 + 0*o**3 + 0 + 1/60*o**5 + 0*o - 3*o**2. What is y(1)?
1
Let q be 636/(-54) - (-4)/(-18). Let w = -6 - q. Let k(s) = 3 - 4*s**2 + 0*s**2 + w*s + 5*s**2. Calculate k(-4).
-5
Let u(y) be the second derivative of y**5/10 + y**4/4 + y**3/2 - 3*y. Give u(-2).
-10
Let t(o) = -o + 5. Let q = 16 - 10. Let k(v) = v**3 - 12*v**2 + 16*v - 35. Let z be k(11). Suppose u + z = q*u. Give t(u).
1
Let y = 163 + -159. Let h(s) be the third derivative of